[INFO] cloning repository https://github.com/peterSZW/menshen
[INFO] running `Command { std: "git" "-c" "credential.helper=" "-c" "credential.helper=/workspace/cargo-home/bin/git-credential-null" "clone" "--bare" "https://github.com/peterSZW/menshen" "/workspace/cache/git-repos/https%3A%2F%2Fgithub.com%2FpeterSZW%2Fmenshen", kill_on_drop: false }`
[INFO] [stderr] Cloning into bare repository '/workspace/cache/git-repos/https%3A%2F%2Fgithub.com%2FpeterSZW%2Fmenshen'...
[INFO] running `Command { std: "git" "rev-parse" "HEAD", kill_on_drop: false }`
[INFO] [stdout] 8a4e7fa4865660ad171881d3261759fed7333d58
[INFO] checking peterSZW/menshen against try#72f88fc4e9458f89516a0b8b0868f3718aec5b47 for pr-74989
[INFO] running `Command { std: "git" "clone" "/workspace/cache/git-repos/https%3A%2F%2Fgithub.com%2FpeterSZW%2Fmenshen" "/workspace/builds/worker-1/source", kill_on_drop: false }`
[INFO] [stderr] Cloning into '/workspace/builds/worker-1/source'...
[INFO] [stderr] done.
[INFO] validating manifest of git repo https://github.com/peterSZW/menshen on toolchain 72f88fc4e9458f89516a0b8b0868f3718aec5b47
[INFO] running `Command { std: "/workspace/cargo-home/bin/cargo" "+72f88fc4e9458f89516a0b8b0868f3718aec5b47" "read-manifest" "--manifest-path" "Cargo.toml", kill_on_drop: false }`
[INFO] started tweaking git repo https://github.com/peterSZW/menshen
[INFO] finished tweaking git repo https://github.com/peterSZW/menshen
[INFO] tweaked toml for git repo https://github.com/peterSZW/menshen written to /workspace/builds/worker-1/source/Cargo.toml
[INFO] crate git repo https://github.com/peterSZW/menshen already has a lockfile, it will not be regenerated
[INFO] running `Command { std: "/workspace/cargo-home/bin/cargo" "+72f88fc4e9458f89516a0b8b0868f3718aec5b47" "fetch" "--locked" "--manifest-path" "Cargo.toml", kill_on_drop: false }`
[INFO] [stderr]  Downloading crates ...
[INFO] [stderr]   Downloaded bindgen v0.36.1
[INFO] [stderr]   Downloaded flame v0.2.2
[INFO] [stderr]   Downloaded flamer v0.2.3
[INFO] [stderr]   Downloaded features v0.9.0
[INFO] [stderr]   Downloaded mozjs_sys v0.51.3
[INFO] running `Command { std: "docker" "create" "-v" "/var/lib/crater-agent-workspace/builds/worker-1/target:/opt/rustwide/target:rw,Z" "-v" "/var/lib/crater-agent-workspace/builds/worker-1/source:/opt/rustwide/workdir:ro,Z" "-v" "/var/lib/crater-agent-workspace/cargo-home:/opt/rustwide/cargo-home:ro,Z" "-v" "/var/lib/crater-agent-workspace/rustup-home:/opt/rustwide/rustup-home:ro,Z" "-e" "SOURCE_DIR=/opt/rustwide/workdir" "-e" "CARGO_TARGET_DIR=/opt/rustwide/target" "-e" "CARGO_HOME=/opt/rustwide/cargo-home" "-e" "RUSTUP_HOME=/opt/rustwide/rustup-home" "-w" "/opt/rustwide/workdir" "-m" "1610612736" "--user" "0:0" "--network" "none" "rustops/crates-build-env@sha256:d92eaeed33fa75130ca1ee6c8a01d1ffb62bac859dfdfb3450e3e5d1c0146529" "/opt/rustwide/cargo-home/bin/cargo" "+72f88fc4e9458f89516a0b8b0868f3718aec5b47" "metadata" "--no-deps" "--format-version=1", kill_on_drop: false }`
[INFO] [stdout] 0dc0d417ee17d62ba2619c0728ce3d8eb1357528cba0d1c392e6747b2af79961
[INFO] [stderr] WARNING: Your kernel does not support swap limit capabilities or the cgroup is not mounted. Memory limited without swap.
[INFO] running `Command { std: "docker" "start" "-a" "0dc0d417ee17d62ba2619c0728ce3d8eb1357528cba0d1c392e6747b2af79961", kill_on_drop: false }`
[INFO] running `Command { std: "docker" "inspect" "0dc0d417ee17d62ba2619c0728ce3d8eb1357528cba0d1c392e6747b2af79961", kill_on_drop: false }`
[INFO] running `Command { std: "docker" "rm" "-f" "0dc0d417ee17d62ba2619c0728ce3d8eb1357528cba0d1c392e6747b2af79961", kill_on_drop: false }`
[INFO] [stdout] 0dc0d417ee17d62ba2619c0728ce3d8eb1357528cba0d1c392e6747b2af79961
[INFO] running `Command { std: "docker" "create" "-v" "/var/lib/crater-agent-workspace/builds/worker-1/target:/opt/rustwide/target:rw,Z" "-v" "/var/lib/crater-agent-workspace/builds/worker-1/source:/opt/rustwide/workdir:ro,Z" "-v" "/var/lib/crater-agent-workspace/cargo-home:/opt/rustwide/cargo-home:ro,Z" "-v" "/var/lib/crater-agent-workspace/rustup-home:/opt/rustwide/rustup-home:ro,Z" "-e" "SOURCE_DIR=/opt/rustwide/workdir" "-e" "CARGO_TARGET_DIR=/opt/rustwide/target" "-e" "CARGO_INCREMENTAL=0" "-e" "RUST_BACKTRACE=full" "-e" "RUSTFLAGS=--cap-lints=forbid" "-e" "CARGO_HOME=/opt/rustwide/cargo-home" "-e" "RUSTUP_HOME=/opt/rustwide/rustup-home" "-w" "/opt/rustwide/workdir" "-m" "1610612736" "--user" "0:0" "--network" "none" "rustops/crates-build-env@sha256:d92eaeed33fa75130ca1ee6c8a01d1ffb62bac859dfdfb3450e3e5d1c0146529" "/opt/rustwide/cargo-home/bin/cargo" "+72f88fc4e9458f89516a0b8b0868f3718aec5b47" "check" "--frozen" "--all" "--all-targets" "--message-format=json", kill_on_drop: false }`
[INFO] [stdout] 21dc8d304f6ad16d8690a88cfe01737de05d0f0367ad933bf2596ccc6f7e835f
[INFO] [stderr] WARNING: Your kernel does not support swap limit capabilities or the cgroup is not mounted. Memory limited without swap.
[INFO] running `Command { std: "docker" "start" "-a" "21dc8d304f6ad16d8690a88cfe01737de05d0f0367ad933bf2596ccc6f7e835f", kill_on_drop: false }`
[INFO] [stderr]    Compiling serde v1.0.68
[INFO] [stderr]    Compiling backtrace v0.2.3
[INFO] [stderr]    Compiling regex v1.0.1
[INFO] [stderr]     Checking lazycell v0.6.0
[INFO] [stderr]     Checking slab v0.4.0
[INFO] [stderr]    Compiling lazy_static v0.2.11
[INFO] [stderr]     Checking termcolor v0.3.6
[INFO] [stderr]     Checking byteorder v1.2.3
[INFO] [stderr]     Checking memchr v2.0.1
[INFO] [stderr]     Checking iovec v0.1.2
[INFO] [stderr]     Checking thread-id v3.3.0
[INFO] [stderr]     Checking net2 v0.2.33
[INFO] [stderr]     Checking unreachable v1.0.0
[INFO] [stderr]     Checking humantime v1.1.1
[INFO] [stderr]     Checking regex-syntax v0.6.1
[INFO] [stderr]     Checking features v0.9.0
[INFO] [stderr]     Checking conduit-mime-types v0.7.3
[INFO] [stderr]    Compiling proc-macro2 v0.4.6
[INFO] [stderr]     Checking thread_local v0.3.5
[INFO] [stderr]     Checking backtrace-sys v0.1.23
[INFO] [stderr]     Checking aho-corasick v0.6.5
[INFO] [stderr]     Checking mio v0.6.14
[INFO] [stderr]     Checking bytes v0.4.8
[INFO] [stderr]     Checking error-chain v0.5.0
[INFO] [stderr]     Checking cpuprofiler v0.0.3
[INFO] [stderr]    Compiling quote v0.6.3
[INFO] [stderr]    Compiling syn v0.14.2
[INFO] [stderr]     Checking mio-extras v2.0.5
[INFO] [stderr]    Compiling serde_derive v1.0.68
[INFO] [stderr]     Checking env_logger v0.5.10
[INFO] [stderr]     Checking serde_json v1.0.22
[INFO] [stderr]    Compiling flame v0.2.2
[INFO] [stderr]    Compiling flamer v0.2.3
[INFO] [stdout] error[E0557]: feature has been removed
[INFO] [stdout]  --> /opt/rustwide/cargo-home/registry/src/github.com-1ecc6299db9ec823/flamer-0.2.3/src/lib.rs:1:30
[INFO] [stdout]   |
[INFO] [stdout] 1 | #![feature(plugin_registrar, quote, rustc_private, custom_attribute)]
[INFO] [stdout]   |                              ^^^^^ feature has been removed
[INFO] [stdout] 
[INFO] [stdout] 
[INFO] [stdout] error[E0557]: feature has been removed
[INFO] [stdout]  --> /opt/rustwide/cargo-home/registry/src/github.com-1ecc6299db9ec823/flamer-0.2.3/src/lib.rs:1:52
[INFO] [stdout]   |
[INFO] [stdout] 1 | #![feature(plugin_registrar, quote, rustc_private, custom_attribute)]
[INFO] [stdout]   |                                                    ^^^^^^^^^^^^^^^^ feature has been removed
[INFO] [stdout]   |
[INFO] [stdout]   = note: removed in favor of `#![register_tool]` and `#![register_attr]`
[INFO] [stdout] 
[INFO] [stdout] 
[INFO] [stdout] error[E0463]: can't find crate for `rustc_plugin`
[INFO] [stdout]  --> /opt/rustwide/cargo-home/registry/src/github.com-1ecc6299db9ec823/flamer-0.2.3/src/lib.rs:3:1
[INFO] [stdout]   |
[INFO] [stdout] 3 | extern crate rustc_plugin;
[INFO] [stdout]   | ^^^^^^^^^^^^^^^^^^^^^^^^^^ can't find crate
[INFO] [stdout] 
[INFO] [stdout] 
[INFO] [stdout] error: aborting due to 3 previous errors
[INFO] [stdout] 
[INFO] [stdout] 
[INFO] [stdout] Some errors have detailed explanations: E0463, E0557.
[INFO] [stdout] 
[INFO] [stdout] For more information about an error, try `rustc --explain E0463`.
[INFO] [stdout] 
[INFO] [stderr] error: could not compile `flamer`.
[INFO] [stderr] 
[INFO] [stderr] To learn more, run the command again with --verbose.
[INFO] running `Command { std: "docker" "inspect" "21dc8d304f6ad16d8690a88cfe01737de05d0f0367ad933bf2596ccc6f7e835f", kill_on_drop: false }`
[INFO] running `Command { std: "docker" "rm" "-f" "21dc8d304f6ad16d8690a88cfe01737de05d0f0367ad933bf2596ccc6f7e835f", kill_on_drop: false }`
[INFO] [stdout] 21dc8d304f6ad16d8690a88cfe01737de05d0f0367ad933bf2596ccc6f7e835f
